+ 101. Calculate the remainder when 477 is divided by t(-30).
4
Let z = 226 + -221. What is the remainder when 103 is divided by (6 - 5)*z - -8?
12
Let q(u) = 8*u**3 + 6*u**2 - 4*u + 1. Calculate the remainder when 396 is divided by q(2).
72
What is the remainder when 1469 is divided by (0 - -15)*(741/65 + -11) + 6?
5
Let i(w) = 37*w**2 + 4*w - 2. Suppose 12070 + 10342 + 2444 - 7031 = 775*f. Calculate the remainder when i(3) is divided by f.
21
Suppose 870 - 901 = -j - 5*k, 3*k - 18 = 0. Calculate the remainder when 131 is divided by j.
0
Suppose k + 446 + 333 = 5*g, 3*g - 3*k - 453 = 0. What is the remainder when 1082 is divided by g?
140
Let q(g) = -g**2 - 101*g - 1762. What is the remainder when q(-29) is divided by 10?
6
Let q be 1832/16 + 3/(-6) + 1. Suppose 6*u + q = 643. What is the remainder when u is divided by 47?
41
Suppose 36 = 3*w + 9. Suppose -w*j - 3*g - 36 = -12*j, -j - 3*g - 8 = 0. Calculate the remainder when 22 is divided by j.
1
Let u = 376 - 374. Calculate the remainder when u + (3 - 6) - -10 is divided by 6.
3
Let g = 791 + -786. Suppose -3*m + 64 = 5*w - 134, 0 = -g*m - 20. What is the remainder when 246 is divided by w?
36
Let o = -997 + 997. Suppose 3*n + 3*b = 105, -2*b - 32 = -o*n - n. Calculate the remainder when 152 is divided by n.
16
Let a(k) = k**3 - 4*k**2 - 4*k - 1. Let m be a(5). Suppose -12 - 28 = -m*n. Calculate the remainder when n is divided by (-4)/150*-5 - 219/(-45).
0
Suppose 5*m + 3*y - 1394 + 123 = 0, -3 = y. Calculate the remainder when 1008 is divided by m.
240
Let u = 6 + -7. Calculate the remainder when 1*(u - -3)*(-182)/(-4) is divided by 24.
19
Let h = 7112 + -7061. Calculate the remainder when h is divided by (24/10)/((-2)/(-10)).
3
Let z = 1147 - 1094. Calculate the remainder when z is divided by 28.
25
What is the remainder when 1/2*(-56 - -1670) is divided by 30?
27
Let l(u) = -3*u**3 - 10*u**2 - 11*u - 12. Calculate the remainder when l(-6) is divided by 64.
22
Let n(r) = -r**3 - 38*r**2 - 75*r - 87. What is the remainder when 880 is divided by n(-36)?
19
Let q(d) = 7*d + 1. Let m be q(2). Suppose -m = -4*c + 5*c - 5*t, 0 = 2*c - t + 3. Suppose c*g - 32 = -2*g. What is the remainder when g is divided by 6?
4
What is the remainder when 46 is divided by (-58)/(-580) + 916/40?
0
Let b(c) = 2*c**2 + 4*c - 1. Let x(a) = -3*a**3 - 4*a**2 + 15*a + 38. Calculate the remainder when b(-6) is divided by x(-2).
15
Suppose -7*o + 96 = 6*i - 5*o, -2*o + 12 = -i. Let l = 46 + -20. What is the remainder when l is divided by i?
2
Calculate the remainder when 3147 is divided by (-231)/22*180/(-21).
87
Suppose -122557*h = -122580*h + 368. Calculate the remainder when 350 is divided by h.
14
Calculate the remainder when (-26 - (-20 + 7)) + 238 is divided by 86.
53
Suppose 3*c = -5*u + 454, -2*u - 491 = -5*c + 276. Let f(t) = t**2 - 3*t - 14. What is the remainder when c is divided by f(-6)?
33
Let k = -436 - -463. Let b = 52 + -14. Calculate the remainder when b is divided by k.
11
Suppose -v + 17 = 9. Suppose 0 = 4*m + v, u = 3*m + 16 - 1. Suppose 0 = 4*l - 8, 4*l = -4*p + l + 214. What is the remainder when p is divided by u?
7
Suppose 272*k - 276*k + 376 = 0. Suppose -2*s = -64 - k. What is the remainder when s is divided by 25?
4
Let g be (4 + -3)/(-1) - (1 + -5). Suppose 1 = -7*o + 6*o, g*u = 5*o + 662. Calculate the remainder when u is divided by 13.
11
Let o(x) = -56*x + 1076. Calculate the remainder when 4895 is divided by o(19).
11
Let h = -923 - -991. Let i(j) = j**2 + 2*j - 10. Let m be i(3). Suppose -m*o + 2*k = -54, 2*o = -0*o + 2*k + 18. Calculate the remainder when h is divided by o.
8
Let k = 639 + -608. Suppose 78 = p - 40. What is the remainder when p is divided by k?
25
Suppose 0 = -2*s - 3*c + 1747, 13*s - 15*s + 1752 = 2*c. What is the remainder when 2643 is divided by s?
0
Let m = 1502 - 1184. Calculate the remainder when m is divided by 83.
69
Let a = 445 - 405. Let v = -1529 + 1804. What is the remainder when v is divided by a?
35
Suppose -5*p + 7*m - 2*m + 50 = 0, -m + 14 = p. What is the remainder when 1110 is divided by p?
6
Let t(z) = -15*z**2 - 3*z + 2. Let r be t(1). Let y = r - -43. Suppose -3*q + q = -2*f + 106, -4*f + 5*q = -212. What is the remainder when f is divided by y?
26
Suppose 4 = -w, -13*w + 14*w = -3*h + 23. What is the remainder when (-3)/h - (-4)/18*285 is divided by 18?
9
Suppose -15*c = -12*c + 2*s - 277, s - 5 = 0. Calculate the remainder when c is divided by 20.
9
Let g = 9652 + -9226. What is the remainder when g is divided by 61?
60
Let y(l) = -6*l**3 - 29*l**2 - 32*l + 7. Calculate the remainder when 689 is divided by y(-4).
29
Suppose -32*s + 228 = -13*s. Let i = s + 173. Calculate the remainder when i is divided by 65.
55
Suppose -47 = -2*x - s, -4*s - 36 = -3*x + 7. Suppose -3*d + 48 = d. What is the remainder when x is divided by d + (-1 - (1 - 2))?
9
Suppose -2 - 43 = -3*o. Suppose 0 = -2*i - 5*f + 3 + 10, 2*f = -i + 5. Calculate the remainder when 44 - 49 - (-80 + i/(-1)) is divided by o.
14
Suppose -4530 = 6*s - 1422. Let j = s + 536. What is the remainder when 123 is divided by j?
15
Let m(y) = -3*y**3 - 20*y**2 + 28*y - 12. Let g be (-1)/3 + 282/9. Suppose t + g - 90 = 0. Calculate the remainder when t is divided by m(-8).
19
Suppose 0 = 4*t - t - 78. Let x = -48 - -51. Suppose x*v - 5*l = -33 + 182, 3*l = -4*v + 189. What is the remainder when v is divided by t?
22
Suppose 0 = 2*h - 10, 4*k - 1629 = 19*h - 24*h. Calculate the remainder when k is divided by 91.
37
Suppose -b - 7*t + 81 = -3*t, t = 7. What is the remainder when b is divided by (-26)/(-3) - 2/(-6)?
8
Suppose -78*w + 46 = -319 - 103. Let u = 27 - 18. Calculate the remainder when u is divided by w.
3
Suppose 0*j - 12 = -2*j. Let o = j + -2. What is the remainder when 4/18 - (-32984)/2232 is divided by o?
3
Let r be 10/(-2) + -4 + (-6)/6. What is the remainder when 79 is divided by 1623/(-132)*-4 + r/55?
30
Let g(z) = 190*z + 2. Let y be g(1). Let k = -17 + 8. Calculate the remainder when 77 is divided by y/9 - (-12)/k.
17
Suppose -3*q - 2*q + 105 = 0. Suppose -2*p + 7*s - 11*s + 944 = 0, -2*p + 952 = 2*s. Let k = 492 - p. Calculate the remainder when q is divided by k.
9
Let b(a) = 2*a**2 + 15*a + 27. Let h(o) = -o + 25. Let y(v) = 2. Let g(j) = -h(j) + 3*y(j). Let d be g(7). What is the remainder when b(d) is divided by 23?
20
Let d = 22 + -15. Suppose 2*o - 16 = -3*h + d*o, 2*h = o + 20. Suppose 2*y - 90 = -5*b, -10*y + 11*y = 4*b + 19. Calculate the remainder when y is divided by h.
11
Let y = -169982 + 170038. Suppose 3 = -3*u + 51. Calculate the remainder when y is divided by u.
8
Let j be (-346)/38 - -9 - (-519)/57. Suppose -j*t = -120 - 141. Calculate the remainder when 635 is divided by t.
26
Suppose 0 = -4*b - 4, -2*b = -6*g + 2*g + 14. Suppose 5*x - 243 = -4*k, 21 - 75 = -k + x. What is the remainder when k is divided by (-1135)/(-45) - 2*g/27?
7
Suppose -4*r - 16 = 0, 5*y = 56*r - 51*r + 235. What is the remainder when 560 is divided by y?
1
Suppose -12781 = -16*d + 12547. What is the remainder when d is divided by 48?
47
Let t be (-214)/30 - (32/(-15) + 2). Let l(u) = 4*u**2 + 27*u + 5. Calculate the remainder when l(t) is divided by 5.
2
Suppose 5*a - r - 1433 = 0, 437*r = a + 440*r - 277. What is the remainder when 2010 is divided by a?
8
Let z(c) = -c**3 - 7*c**2 - 21*c - 245. What is the remainder when z(-24) is divided by 11?
8
Let i = -2 - 8. Calculate the remainder when 115 is divided by (0 - 29)*(-11 - i).
28
Suppose j - 90 = -4*j. What is the remainder when 39 + 3 - -5 - 1 is divided by j?
10
Let s(x) = x**3 + 6*x**2 - 12*x + 3. Let c(o) = o**3 + 13*o**2 + 11*o - 4. What is the remainder when s(4) is divided by c(-12)?
3
Let t(k) = -11*k + 44. Let q be t(4). Suppose q = 2*x - 82 + 4. What is the remainder when x is divided by 39?
0
Calculate the remainder when -1 + 1 - (-25 + -43) is divided by (-63)/(-6)*(-8)/(-6).
12
Let b(z) = -3*z + 48. Let y be b(15). Suppose y*r - 23 = 310. Suppose 5*s - 8*s + 84 = 0. What is the remainder when r is divided by s?
27
Calculate the remainder when 451 is divided by (178*4/(-24))/((-2)/6).
6
Let m(i) be the second derivative of 0 + 15*i + 1/3*i**3 + 9*i**2. What is the remainder when 31 is divided by m(0)?
13
Let u = -26 + 4